{"id":8903,"date":"2022-12-29T12:41:37","date_gmt":"2022-12-29T11:41:37","guid":{"rendered":"https:\/\/elarfero.be\/costa-calida\/"},"modified":"2023-11-16T12:00:50","modified_gmt":"2023-11-16T11:00:50","slug":"costa-calida","status":"publish","type":"page","link":"https:\/\/elarfero.be\/en\/regions\/costa-calida\/","title":{"rendered":"Costa Calida"},"content":{"rendered":"\t\t<div data-elementor-type=\"wp-page\" data-elementor-id=\"8903\" class=\"elementor elementor-8903 elementor-1976\" data-elementor-post-type=\"page\">\n\t\t\t\t\t\t<section class=\"elementor-section elementor-top-section elementor-element elementor-element-ca1c938 elementor-section-height-min-height elementor-section-boxed elementor-section-height-default elementor-section-items-middle\" data-id=\"ca1c938\" data-element_type=\"section\" data-settings=\"{&quot;jet_parallax_layout_list&quot;:[],&quot;background_background&quot;:&quot;classic&quot;}\">\n\t\t\t\t\t\t\t<div class=\"elementor-background-overlay\"><\/div>\n\t\t\t\t\t\t\t<div class=\"elementor-container elementor-column-gap-default\">\n\t\t\t\t\t<div class=\"elementor-column elementor-col-100 elementor-top-column elementor-element elementor-element-aabb1c3\" data-id=\"aabb1c3\" data-element_type=\"column\">\n\t\t\t<div class=\"elementor-widget-wrap\">\n\t\t\t\t\t\t\t<\/div>\n\t\t<\/div>\n\t\t\t\t\t<\/div>\n\t\t<\/section>\n\t\t\t\t<section class=\"elementor-section elementor-top-section elementor-element elementor-element-979746d elementor-section-boxed elementor-section-height-default elementor-section-height-default\" data-id=\"979746d\" data-element_type=\"section\" data-settings=\"{&quot;jet_parallax_layout_list&quot;:[]}\">\n\t\t\t\t\t\t<div class=\"elementor-container elementor-column-gap-default\">\n\t\t\t\t\t<div class=\"elementor-column elementor-col-100 elementor-top-column elementor-element elementor-element-b74e6ae\" data-id=\"b74e6ae\" data-element_type=\"column\" data-settings=\"{&quot;background_background&quot;:&quot;classic&quot;}\">\n\t\t\t<div class=\"elementor-widget-wrap elementor-element-populated\">\n\t\t\t\t\t\t<div class=\"elementor-element elementor-element-dc6107f prue elementor-widget elementor-widget-heading\" data-id=\"dc6107f\" data-element_type=\"widget\" data-widget_type=\"heading.default\">\n\t\t\t\t<div class=\"elementor-widget-container\">\n\t\t\t\t\t<h2 class=\"elementor-heading-title elementor-size-default\"> Discover beautiful Spain<\/h2>\t\t\t\t<\/div>\n\t\t\t\t<\/div>\n\t\t\t\t<div class=\"elementor-element elementor-element-5ddf746 prue elementor-widget elementor-widget-heading\" data-id=\"5ddf746\" data-element_type=\"widget\" data-widget_type=\"heading.default\">\n\t\t\t\t<div class=\"elementor-widget-container\">\n\t\t\t\t\t<h1 class=\"elementor-heading-title elementor-size-default\">Costa Calida<\/h1>\t\t\t\t<\/div>\n\t\t\t\t<\/div>\n\t\t\t\t<div class=\"elementor-element elementor-element-12af79b elementor-widget__width-auto elementor-widget elementor-widget-shortcode\" data-id=\"12af79b\" data-element_type=\"widget\" data-widget_type=\"shortcode.default\">\n\t\t\t\t<div class=\"elementor-widget-container\">\n\t\t\t\t\t\t\t<div class=\"elementor-shortcode\"><nav aria-label=\"breadcrumbs\" class=\"rank-math-breadcrumb\"><p><span class=\"last\">Home<\/span><\/p><\/nav><\/div>\n\t\t\t\t\t\t<\/div>\n\t\t\t\t<\/div>\n\t\t\t\t\t<\/div>\n\t\t<\/div>\n\t\t\t\t\t<\/div>\n\t\t<\/section>\n\t\t\t\t<section class=\"elementor-section elementor-top-section elementor-element elementor-element-f824f1f elementor-section-boxed elementor-section-height-default elementor-section-height-default\" data-id=\"f824f1f\" data-element_type=\"section\" data-settings=\"{&quot;jet_parallax_layout_list&quot;:[],&quot;background_background&quot;:&quot;classic&quot;}\">\n\t\t\t\t\t\t<div class=\"elementor-container elementor-column-gap-default\">\n\t\t\t\t\t<div class=\"elementor-column elementor-col-50 elementor-top-column elementor-element elementor-element-67f74d8\" data-id=\"67f74d8\" data-element_type=\"column\">\n\t\t\t<div class=\"elementor-widget-wrap elementor-element-populated\">\n\t\t\t\t\t\t<div class=\"elementor-element elementor-element-905f101 elementor-widget elementor-widget-text-editor\" data-id=\"905f101\" data-element_type=\"widget\" data-widget_type=\"text-editor.default\">\n\t\t\t\t<div class=\"elementor-widget-container\">\n\t\t\t\t\t\t\t\t\t<p><span style=\"font-weight: 400;\">The Costa C\u00e1lida stretches from the hamlet of El Moj\u00f3n in the north, on the border of the province of Alicante, to the municipality of \u00c1guilas in the south, which borders the province of Almer\u00eda. <\/span><\/p>\n<p><span style=\"font-weight: 400;\">The coast is characterized by a succession of cliffs, bays, sandy beaches and sheltered coves. It is, in general, an arid and rugged coastline. The natural richness of the waters is remarkable in Cabo de Palos, where there is an important nature reserve. There are also several protected natural areas such as the salt flats and sand dunes of San Pedro del Pinatar, Calblanque, Monte de las Cenizas and Pe\u00f1a del \u00c1guila, Sierra de la Muela, Cabo Ti\u00f1oso and Rold\u00e1n, the regional park of Cabo Cope and Puntas de Calnegre and the protected landscape of the Cuatro Calas. <\/span><\/p>\n<p><span style=\"font-weight: 400;\">The northern end of this coast includes the Mar Menor, a saltwater lagoon that, at about 170 km\u00b2, is the largest in Europe. The Mar Menor is separated from the Mediterranean by a 22-km-long strip of sand called La Manga, where most of the region&#8217;s tourist development has been built. Cartagena and Aguilas are the two largest and most important coastal towns in the region. Some well-known (seaside) towns on the Costa Calida are: San Pedro del Pinatar, Los Alc\u00e1zares, Cartagena, Mazarr\u00f3n and \u00c1guilas.<\/span><\/p>\n<p><b>EL ARFERO has an extensive portfolio of properties on the Costa Calida.<\/b><\/p>\n\t\t\t\t\t\t\t\t<\/div>\n\t\t\t\t<\/div>\n\t\t\t\t\t<\/div>\n\t\t<\/div>\n\t\t\t\t<div class=\"elementor-column elementor-col-50 elementor-top-column elementor-element elementor-element-e9450e3\" data-id=\"e9450e3\" data-element_type=\"column\">\n\t\t\t<div class=\"elementor-widget-wrap elementor-element-populated\">\n\t\t\t\t\t\t<div class=\"elementor-element elementor-element-8775edf elementor-widget elementor-widget-image\" data-id=\"8775edf\" data-element_type=\"widget\" data-widget_type=\"image.default\">\n\t\t\t\t<div class=\"elementor-widget-container\">\n\t\t\t\t\t\t\t\t\t\t\t\t\t\t\t<img fetchpriority=\"high\" decoding=\"async\" width=\"400\" height=\"600\" src=\"https:\/\/elarfero.be\/wp-content\/uploads\/2023\/01\/jamon_usa_001.png\" class=\"attachment-large size-large wp-image-8465\" alt=\"\" srcset=\"https:\/\/elarfero.be\/wp-content\/uploads\/2023\/01\/jamon_usa_001.png 400w, https:\/\/elarfero.be\/wp-content\/uploads\/2023\/01\/jamon_usa_001-200x300.png 200w\" sizes=\"(max-width: 400px) 100vw, 400px\" title=\"\">\t\t\t\t\t\t\t\t\t\t\t\t\t\t\t<\/div>\n\t\t\t\t<\/div>\n\t\t\t\t\t<\/div>\n\t\t<\/div>\n\t\t\t\t\t<\/div>\n\t\t<\/section>\n\t\t\t\t<section class=\"elementor-section elementor-top-section elementor-element elementor-element-12481a2 elementor-section-boxed elementor-section-height-default elementor-section-height-default\" data-id=\"12481a2\" data-element_type=\"section\" data-settings=\"{&quot;jet_parallax_layout_list&quot;:[],&quot;background_background&quot;:&quot;classic&quot;}\">\n\t\t\t\t\t\t<div class=\"elementor-container elementor-column-gap-default\">\n\t\t\t\t\t<div class=\"elementor-column elementor-col-100 elementor-top-column elementor-element elementor-element-5004134\" data-id=\"5004134\" data-element_type=\"column\">\n\t\t\t<div class=\"elementor-widget-wrap\">\n\t\t\t\t\t\t\t<\/div>\n\t\t<\/div>\n\t\t\t\t\t<\/div>\n\t\t<\/section>\n\t\t\t\t<\/div>\n\t\t","protected":false},"excerpt":{"rendered":"<p>Discover beautiful Spain Costa Calida The Costa C\u00e1lida stretches from the hamlet of El Moj\u00f3n in the north, on the border of the province of Alicante, to the municipality of \u00c1guilas in the south, which borders the province of Almer\u00eda. The coast is characterized by a succession of cliffs, bays, sandy beaches and sheltered coves. [&hellip;]<\/p>\n","protected":false},"author":2,"featured_media":0,"parent":8931,"menu_order":0,"comment_status":"closed","ping_status":"closed","template":"elementor_header_footer","meta":{"_acf_changed":false,"footnotes":""},"class_list":["post-8903","page","type-page","status-publish","hentry"],"acf":[],"_links":{"self":[{"href":"https:\/\/elarfero.be\/en\/wp-json\/wp\/v2\/pages\/8903","targetHints":{"allow":["GET"]}}],"collection":[{"href":"https:\/\/elarfero.be\/en\/wp-json\/wp\/v2\/pages"}],"about":[{"href":"https:\/\/elarfero.be\/en\/wp-json\/wp\/v2\/types\/page"}],"author":[{"embeddable":true,"href":"https:\/\/elarfero.be\/en\/wp-json\/wp\/v2\/users\/2"}],"replies":[{"embeddable":true,"href":"https:\/\/elarfero.be\/en\/wp-json\/wp\/v2\/comments?post=8903"}],"version-history":[{"count":0,"href":"https:\/\/elarfero.be\/en\/wp-json\/wp\/v2\/pages\/8903\/revisions"}],"up":[{"embeddable":true,"href":"https:\/\/elarfero.be\/en\/wp-json\/wp\/v2\/pages\/8931"}],"wp:attachment":[{"href":"https:\/\/elarfero.be\/en\/wp-json\/wp\/v2\/media?parent=8903"}],"curies":[{"name":"wp","href":"https:\/\/api.w.org\/{rel}","templated":true}]}}

<div data-elementor-type="wp-page" data-elementor-id="8903" class="elementor elementor-8903 elementor-1976" data-elementor-post-type="page">
						<section class="elementor-section elementor-top-section elementor-element elementor-element-ca1c938 elementor-section-height-min-height elementor-section-boxed elementor-section-height-default elementor-section-items-middle" data-id="ca1c938" data-element_type="section" data-settings="{&quot;jet_parallax_layout_list&quot;:[],&quot;background_background&quot;:&quot;classic&quot;}">
							<div class="elementor-background-overlay"></div>
							<div class="elementor-container elementor-column-gap-default">
					<div class="elementor-column elementor-col-100 elementor-top-column elementor-element elementor-element-aabb1c3" data-id="aabb1c3" data-element_type="column">
			<div class="elementor-widget-wrap">
							</div>
		</div>
					</div>
		</section>
				<section class="elementor-section elementor-top-section elementor-element elementor-element-979746d elementor-section-boxed elementor-section-height-default elementor-section-height-default" data-id="979746d" data-element_type="section" data-settings="{&quot;jet_parallax_layout_list&quot;:[]}">
						<div class="elementor-container elementor-column-gap-default">
					<div class="elementor-column elementor-col-100 elementor-top-column elementor-element elementor-element-b74e6ae" data-id="b74e6ae" data-element_type="column" data-settings="{&quot;background_background&quot;:&quot;classic&quot;}">
			<div class="elementor-widget-wrap elementor-element-populated">
						<div class="elementor-element elementor-element-dc6107f prue elementor-widget elementor-widget-heading" data-id="dc6107f" data-element_type="widget" data-widget_type="heading.default">
				<div class="elementor-widget-container">
					<h2 class="elementor-heading-title elementor-size-default"> Discover beautiful Spain</h2>				</div>
				</div>
				<div class="elementor-element elementor-element-5ddf746 prue elementor-widget elementor-widget-heading" data-id="5ddf746" data-element_type="widget" data-widget_type="heading.default">
				<div class="elementor-widget-container">
					<h1 class="elementor-heading-title elementor-size-default">Costa Calida</h1>				</div>
				</div>
				<div class="elementor-element elementor-element-12af79b elementor-widget__width-auto elementor-widget elementor-widget-shortcode" data-id="12af79b" data-element_type="widget" data-widget_type="shortcode.default">
				<div class="elementor-widget-container">
							<div class="elementor-shortcode"><nav aria-label="breadcrumbs" class="rank-math-breadcrumb"><p><span class="last">Home</span></p></nav></div>
						</div>
				</div>
					</div>
		</div>
					</div>
		</section>
				<section class="elementor-section elementor-top-section elementor-element elementor-element-f824f1f elementor-section-boxed elementor-section-height-default elementor-section-height-default" data-id="f824f1f" data-element_type="section" data-settings="{&quot;jet_parallax_layout_list&quot;:[],&quot;background_background&quot;:&quot;classic&quot;}">
						<div class="elementor-container elementor-column-gap-default">
					<div class="elementor-column elementor-col-50 elementor-top-column elementor-element elementor-element-67f74d8" data-id="67f74d8" data-element_type="column">
			<div class="elementor-widget-wrap elementor-element-populated">
						<div class="elementor-element elementor-element-905f101 elementor-widget elementor-widget-text-editor" data-id="905f101" data-element_type="widget" data-widget_type="text-editor.default">
				<div class="elementor-widget-container">
									<p><span style="font-weight: 400;">The Costa Cálida stretches from the hamlet of El Mojón in the north, on the border of the province of Alicante, to the municipality of Águilas in the south, which borders the province of Almería. </span></p>
<p><span style="font-weight: 400;">The coast is characterized by a succession of cliffs, bays, sandy beaches and sheltered coves. It is, in general, an arid and rugged coastline. The natural richness of the waters is remarkable in Cabo de Palos, where there is an important nature reserve. There are also several protected natural areas such as the salt flats and sand dunes of San Pedro del Pinatar, Calblanque, Monte de las Cenizas and Peña del Águila, Sierra de la Muela, Cabo Tiñoso and Roldán, the regional park of Cabo Cope and Puntas de Calnegre and the protected landscape of the Cuatro Calas. </span></p>
<p><span style="font-weight: 400;">The northern end of this coast includes the Mar Menor, a saltwater lagoon that, at about 170 km², is the largest in Europe. The Mar Menor is separated from the Mediterranean by a 22-km-long strip of sand called La Manga, where most of the region&#8217;s tourist development has been built. Cartagena and Aguilas are the two largest and most important coastal towns in the region. Some well-known (seaside) towns on the Costa Calida are: San Pedro del Pinatar, Los Alcázares, Cartagena, Mazarrón and Águilas.</span></p>
<p><b>EL ARFERO has an extensive portfolio of properties on the Costa Calida.</b></p>
								</div>
				</div>
					</div>
		</div>
				<div class="elementor-column elementor-col-50 elementor-top-column elementor-element elementor-element-e9450e3" data-id="e9450e3" data-element_type="column">
			<div class="elementor-widget-wrap elementor-element-populated">
						<div class="elementor-element elementor-element-8775edf elementor-widget elementor-widget-image" data-id="8775edf" data-element_type="widget" data-widget_type="image.default">
				<div class="elementor-widget-container">
															<img fetchpriority="high" decoding="async" width="400" height="600" src="https://elarfero.be/wp-content/uploads/2023/01/jamon_usa_001.png" class="attachment-large size-large wp-image-8465" alt="" srcset="https://elarfero.be/wp-content/uploads/2023/01/jamon_usa_001.png 400w, https://elarfero.be/wp-content/uploads/2023/01/jamon_usa_001-200x300.png 200w" sizes="(max-width: 400px) 100vw, 400px" title="">															</div>
				</div>
					</div>
		</div>
					</div>
		</section>
				<section class="elementor-section elementor-top-section elementor-element elementor-element-12481a2 elementor-section-boxed elementor-section-height-default elementor-section-height-default" data-id="12481a2" data-element_type="section" data-settings="{&quot;jet_parallax_layout_list&quot;:[],&quot;background_background&quot;:&quot;classic&quot;}">
						<div class="elementor-container elementor-column-gap-default">
					<div class="elementor-column elementor-col-100 elementor-top-column elementor-element elementor-element-5004134" data-id="5004134" data-element_type="column">
			<div class="elementor-widget-wrap">
							</div>
		</div>
					</div>
		</section>
				</div>

<p>Discover beautiful Spain Costa Calida The Costa Cálida stretches from the hamlet of El Mojón in the north, on the border of the province of Alicante, to the municipality of Águilas in the south, which borders the province of Almería. The coast is characterized by a succession of cliffs, bays, sandy beaches and sheltered coves. [&hellip;]</p>
