{"id":8861,"date":"2023-01-25T11:58:09","date_gmt":"2023-01-25T10:58:09","guid":{"rendered":"https:\/\/elarfero.be\/conditions-generales\/"},"modified":"2023-02-09T09:46:54","modified_gmt":"2023-02-09T08:46:54","slug":"conditions-generales","status":"publish","type":"page","link":"https:\/\/elarfero.be\/fr\/conditions-generales\/","title":{"rendered":"Conditions g\u00e9n\u00e9rales"},"content":{"rendered":"\t\t<div data-elementor-type=\"wp-page\" data-elementor-id=\"8861\" class=\"elementor elementor-8861 elementor-7878\" data-elementor-post-type=\"page\">\n\t\t\t\t\t\t<section class=\"elementor-section elementor-top-section elementor-element elementor-element-f56202b elementor-section-boxed elementor-section-height-default elementor-section-height-default\" data-id=\"f56202b\" data-element_type=\"section\" data-settings=\"{&quot;jet_parallax_layout_list&quot;:[]}\">\n\t\t\t\t\t\t<div class=\"elementor-container elementor-column-gap-default\">\n\t\t\t\t\t<div class=\"elementor-column elementor-col-100 elementor-top-column elementor-element elementor-element-b895c95\" data-id=\"b895c95\" data-element_type=\"column\">\n\t\t\t<div class=\"elementor-widget-wrap elementor-element-populated\">\n\t\t\t\t\t\t<div class=\"elementor-element elementor-element-ae47b3c prue elementor-widget elementor-widget-heading\" data-id=\"ae47b3c\" data-element_type=\"widget\" data-widget_type=\"heading.default\">\n\t\t\t\t<div class=\"elementor-widget-container\">\n\t\t\t\t\t<h1 class=\"elementor-heading-title elementor-size-default\">Conditions g\u00e9n\u00e9rales<\/h1>\t\t\t\t<\/div>\n\t\t\t\t<\/div>\n\t\t\t\t\t<\/div>\n\t\t<\/div>\n\t\t\t\t\t<\/div>\n\t\t<\/section>\n\t\t\t\t<section class=\"elementor-section elementor-top-section elementor-element elementor-element-ebc0cfe elementor-section-full_width elementor-hidden-mobile elementor-section-height-default elementor-section-height-default\" data-id=\"ebc0cfe\" data-element_type=\"section\" data-settings=\"{&quot;jet_parallax_layout_list&quot;:[]}\">\n\t\t\t\t\t\t<div class=\"elementor-container elementor-column-gap-default\">\n\t\t\t\t\t<div class=\"elementor-column elementor-col-33 elementor-top-column elementor-element elementor-element-a8146be\" data-id=\"a8146be\" data-element_type=\"column\">\n\t\t\t<div class=\"elementor-widget-wrap elementor-element-populated\">\n\t\t\t\t\t\t<div class=\"elementor-element elementor-element-fa10817 elementor-widget-divider--view-line elementor-widget elementor-widget-divider\" data-id=\"fa10817\" data-element_type=\"widget\" data-widget_type=\"divider.default\">\n\t\t\t\t<div class=\"elementor-widget-container\">\n\t\t\t\t\t\t\t<div class=\"elementor-divider\">\n\t\t\t<span class=\"elementor-divider-separator\">\n\t\t\t\t\t\t<\/span>\n\t\t<\/div>\n\t\t\t\t\t\t<\/div>\n\t\t\t\t<\/div>\n\t\t\t\t\t<\/div>\n\t\t<\/div>\n\t\t\t\t<div class=\"elementor-column elementor-col-33 elementor-top-column elementor-element elementor-element-9bb6199\" data-id=\"9bb6199\" data-element_type=\"column\">\n\t\t\t<div class=\"elementor-widget-wrap elementor-element-populated\">\n\t\t\t\t\t\t<div class=\"elementor-element elementor-element-1ddcb0f elementor-widget elementor-widget-image\" data-id=\"1ddcb0f\" data-element_type=\"widget\" data-widget_type=\"image.default\">\n\t\t\t\t<div class=\"elementor-widget-container\">\n\t\t\t\t\t\t\t\t\t\t\t\t\t\t\t<img fetchpriority=\"high\" decoding=\"async\" width=\"800\" height=\"320\" src=\"https:\/\/elarfero.be\/wp-content\/uploads\/2022\/12\/El-Arfero-New-Logo.png\" class=\"attachment-large size-large wp-image-8307\" alt=\"Logo El Arfero Real Estate\" srcset=\"https:\/\/elarfero.be\/wp-content\/uploads\/2022\/12\/El-Arfero-New-Logo.png 1004w, https:\/\/elarfero.be\/wp-content\/uploads\/2022\/12\/El-Arfero-New-Logo-300x120.png 300w, https:\/\/elarfero.be\/wp-content\/uploads\/2022\/12\/El-Arfero-New-Logo-768x308.png 768w\" sizes=\"(max-width: 800px) 100vw, 800px\" title=\"\">\t\t\t\t\t\t\t\t\t\t\t\t\t\t\t<\/div>\n\t\t\t\t<\/div>\n\t\t\t\t\t<\/div>\n\t\t<\/div>\n\t\t\t\t<div class=\"elementor-column elementor-col-33 elementor-top-column elementor-element elementor-element-fb58a8f\" data-id=\"fb58a8f\" data-element_type=\"column\" data-settings=\"{&quot;background_background&quot;:&quot;classic&quot;}\">\n\t\t\t<div class=\"elementor-widget-wrap elementor-element-populated\">\n\t\t\t\t\t\t<div class=\"elementor-element elementor-element-3f543bb elementor-widget-divider--view-line elementor-widget elementor-widget-divider\" data-id=\"3f543bb\" data-element_type=\"widget\" data-widget_type=\"divider.default\">\n\t\t\t\t<div class=\"elementor-widget-container\">\n\t\t\t\t\t\t\t<div class=\"elementor-divider\">\n\t\t\t<span class=\"elementor-divider-separator\">\n\t\t\t\t\t\t<\/span>\n\t\t<\/div>\n\t\t\t\t\t\t<\/div>\n\t\t\t\t<\/div>\n\t\t\t\t\t<\/div>\n\t\t<\/div>\n\t\t\t\t\t<\/div>\n\t\t<\/section>\n\t\t\t\t<section class=\"elementor-section elementor-top-section elementor-element elementor-element-40e2ed3 elementor-section-boxed elementor-section-height-default elementor-section-height-default\" data-id=\"40e2ed3\" data-element_type=\"section\" data-settings=\"{&quot;jet_parallax_layout_list&quot;:[]}\">\n\t\t\t\t\t\t<div class=\"elementor-container elementor-column-gap-default\">\n\t\t\t\t\t<div class=\"elementor-column elementor-col-100 elementor-top-column elementor-element elementor-element-0667bd4\" data-id=\"0667bd4\" data-element_type=\"column\">\n\t\t\t<div class=\"elementor-widget-wrap elementor-element-populated\">\n\t\t\t\t\t\t<div class=\"elementor-element elementor-element-a1c4b1c elementor-widget elementor-widget-text-editor\" data-id=\"a1c4b1c\" data-element_type=\"widget\" data-widget_type=\"text-editor.default\">\n\t\t\t\t<div class=\"elementor-widget-container\">\n\t\t\t\t\t\t\t\t\t<p><strong>L\u00e9gale :<\/strong><br \/>Afin de respecter l&#8217;article 10 de la loi 34\/2002 sur les services de la soci\u00e9t\u00e9 de l&#8217;information et le commerce \u00e9lectronique, nous informons l&#8217;utilisateur de nos donn\u00e9es :<\/p>\n<p><strong>D\u00e9nomination<\/strong> : EL Arfero Alicante S.L Adresse enregistr\u00e9e : Av. de las Naciones 79, Algorfa, Alicante CIF \/ NIF : B09954751 T\u00e9l\u00e9phone : +32 479 48 81 91<br \/>Courriel :info@elarfero.be D\u00e9tails de l&#8217;inscription : Site web : elarfero.be<\/p>\n<p><strong>Objet<\/strong><br \/>Le fournisseur, responsable du site web, met ce document \u00e0 la disposition des utilisateurs afin de respecter les obligations de la loi 34\/2002 sur les services de la soci\u00e9t\u00e9 de l&#8217;information et le commerce \u00e9lectronique (LSSI-CE) et d&#8217;informer tous les utilisateurs du site web des conditions d&#8217;utilisation du site.<\/p>\n<p>Toute personne acc\u00e9dant \u00e0 ce site Web assume le r\u00f4le d&#8217;utilisateur et s&#8217;engage \u00e0 respecter et \u00e0 se conformer strictement aux dispositions du pr\u00e9sent document et \u00e0 toutes les autres dispositions l\u00e9gales applicables.<\/p>\n<p>Le prestataire se r\u00e9serve le droit de modifier tout type d&#8217;information pouvant \u00eatre contenue sur le site web, sans obligation de notification ou d&#8217;information pr\u00e9alable des utilisateurs, la publication sur le site web du prestataire \u00e9tant consid\u00e9r\u00e9e comme suffisante.<\/p>\n<p><strong>Responsabilit\u00e9 civile<\/strong><br \/>Le fournisseur d\u00e9cline toute responsabilit\u00e9 quant aux informations publi\u00e9es sur son site web dans la mesure o\u00f9 ces informations ont \u00e9t\u00e9 manipul\u00e9es ou saisies par un tiers externe.<\/p>\n<p>Le site web du fournisseur peut utiliser des cookies (petits fichiers d&#8217;information envoy\u00e9s par le serveur \u00e0 l&#8217;ordinateur de la personne qui visite la page) pour ex\u00e9cuter certaines fonctions jug\u00e9es essentielles au bon fonctionnement et \u00e0 la visualisation du site. Dans tous les cas, les cookies utilis\u00e9s sur le site web ont un caract\u00e8re temporaire, exclusivement pour rendre leur transmission ult\u00e9rieure plus efficace, et disparaissent lorsque la session de l&#8217;utilisateur prend fin. En aucun cas, les cookies ne seront utilis\u00e9s pour collecter des informations personnelles.<\/p>\n<p>Depuis le site web du client, vous pouvez \u00eatre dirig\u00e9 vers le contenu de sites web tiers. \u00c9tant donn\u00e9 que le fournisseur ne peut pas toujours contr\u00f4ler les contenus introduits par des tiers sur leurs sites web, le fournisseur n&#8217;accepte aucune responsabilit\u00e9 pour ces contenus. Dans tous les cas, le fournisseur d\u00e9clare qu&#8217;il retirera imm\u00e9diatement tout contenu qui pourrait \u00eatre contraire \u00e0 la loi nationale ou internationale, \u00e0 la moralit\u00e9 ou \u00e0 l&#8217;ordre public, en retirant imm\u00e9diatement le renvoi au site web concern\u00e9 et en informant les autorit\u00e9s comp\u00e9tentes du contenu en question.<\/p>\n<p>Le fournisseur n&#8217;est pas responsable des informations et du contenu stock\u00e9s, notamment dans les forums, les chats, les g\u00e9n\u00e9rateurs de blogs, les commentaires, les r\u00e9seaux sociaux ou tout autre support permettant \u00e0 des tiers de publier ind\u00e9pendamment du contenu sur le site web du fournisseur. Toutefois, conform\u00e9ment aux dispositions des articles 11 et 16 de la LSSI-CE, le fournisseur se met \u00e0 la disposition de tous les utilisateurs, des autorit\u00e9s et des services de s\u00e9curit\u00e9, et coop\u00e8re activement \u00e0 la suppression ou au blocage de tout contenu susceptible d&#8217;affecter ou de violer le droit national ou international, les droits des tiers ou la morale et l&#8217;ordre public. Si l&#8217;utilisateur estime qu&#8217;un contenu du site Web peut \u00eatre class\u00e9 dans cette cat\u00e9gorie, il doit en informer imm\u00e9diatement l&#8217;administrateur du site.<\/p>\n<p>Ce site web a \u00e9t\u00e9 v\u00e9rifi\u00e9 et test\u00e9 pour son bon fonctionnement. En principe, le bon fonctionnement peut \u00eatre garanti 365 jours par an, 24 heures sur 24. Toutefois, le prestataire n&#8217;exclut pas l&#8217;existence de certaines erreurs de programmation ou la survenance de cas de force majeure, de catastrophes naturelles, de gr\u00e8ves ou de circonstances similaires qui rendent impossible l&#8217;acc\u00e8s au site web.<\/p>\n<p><strong>Propri\u00e9t\u00e9 intellectuelle et industrielle<\/strong><br \/>Le site web, y compris, mais sans s&#8217;y limiter, la programmation, l&#8217;\u00e9dition, la compilation et les autres \u00e9l\u00e9ments n\u00e9cessaires \u00e0 son fonctionnement, les dessins, les logos, les textes et\/ou les images sont la propri\u00e9t\u00e9 du fournisseur ou, le cas \u00e9ch\u00e9ant, il dispose d&#8217;une licence ou d&#8217;une autorisation expresse des auteurs. Tout le contenu du site web est d\u00fbment prot\u00e9g\u00e9 par la r\u00e9glementation sur la propri\u00e9t\u00e9 intellectuelle et industrielle et est inscrit dans les registres publics correspondants.<\/p>\n<p>Ind\u00e9pendamment de la finalit\u00e9 \u00e0 laquelle ils sont destin\u00e9s, la reproduction, l&#8217;utilisation, l&#8217;exploitation, la distribution et la commercialisation, en tout ou en partie, n\u00e9cessitent dans tous les cas l&#8217;accord \u00e9crit pr\u00e9alable du prestataire. Toute utilisation non autoris\u00e9e pr\u00e9alablement par le fournisseur est consid\u00e9r\u00e9e comme une atteinte grave aux droits de propri\u00e9t\u00e9 intellectuelle ou industrielle de l&#8217;auteur.<\/p>\n<p>Les dessins, logos, textes et\/ou images n&#8217;appartenant pas au fournisseur qui peuvent appara\u00eetre sur le site web appartiennent \u00e0 leurs propri\u00e9taires respectifs et ils sont eux-m\u00eames responsables de toute \u00e9ventuelle controverse qui pourrait survenir \u00e0 leur sujet. En tout \u00e9tat de cause, le prestataire dispose du consentement expr\u00e8s et pr\u00e9alable des propri\u00e9taires.<\/p>\n<p>Le fournisseur n&#8217;autorise express\u00e9ment PAS les tiers \u00e0 \u00e9tablir un lien direct avec le contenu sp\u00e9cifique du site web, et doit en tout \u00e9tat de cause \u00e9tablir un lien avec le site web principal du fournisseur.<\/p>\n<p>Le fournisseur reconna\u00eet les droits de propri\u00e9t\u00e9 industrielle et intellectuelle correspondants en faveur de leurs propri\u00e9taires, et leur simple mention ou apparition sur le site web n&#8217;implique pas l&#8217;existence de droits ou de responsabilit\u00e9s du fournisseur \u00e0 leur \u00e9gard, ni une approbation, un parrainage ou une recommandation de leur part.<\/p>\n<p>Si vous souhaitez faire des commentaires sur d&#8217;\u00e9ventuelles violations des droits de propri\u00e9t\u00e9 intellectuelle ou industrielle et sur le contenu du site web, veuillez le faire \u00e0 l&#8217;adresse \u00e9lectronique suivante.<\/p>\n<p><strong>Droit applicable et juridiction<\/strong><br \/>La r\u00e9solution de tout litige ou de toute question relative \u00e0 ce site web ou aux activit\u00e9s qui y sont men\u00e9es sera r\u00e9gie par la loi espagnole, \u00e0 laquelle les parties se soumettent express\u00e9ment, et les cours et tribunaux de Torrevieja seront comp\u00e9tents pour r\u00e9soudre tout litige d\u00e9coulant de son utilisation ou li\u00e9 \u00e0 celle-ci.<\/p>\n\t\t\t\t\t\t\t\t<\/div>\n\t\t\t\t<\/div>\n\t\t\t\t\t<\/div>\n\t\t<\/div>\n\t\t\t\t\t<\/div>\n\t\t<\/section>\n\t\t\t\t<\/div>\n\t\t","protected":false},"excerpt":{"rendered":"<p>Conditions g\u00e9n\u00e9rales L\u00e9gale :Afin de respecter l&#8217;article 10 de la loi 34\/2002 sur les services de la soci\u00e9t\u00e9 de l&#8217;information et le commerce \u00e9lectronique, nous informons l&#8217;utilisateur de nos donn\u00e9es : D\u00e9nomination : EL Arfero Alicante S.L Adresse enregistr\u00e9e : Av. de las Naciones 79, Algorfa, Alicante CIF \/ NIF : B09954751 T\u00e9l\u00e9phone : +32 [&hellip;]<\/p>\n","protected":false},"author":2,"featured_media":0,"parent":0,"menu_order":0,"comment_status":"closed","ping_status":"closed","template":"","meta":{"_acf_changed":false,"footnotes":""},"class_list":["post-8861","page","type-page","status-publish","hentry"],"acf":[],"_links":{"self":[{"href":"https:\/\/elarfero.be\/fr\/wp-json\/wp\/v2\/pages\/8861","targetHints":{"allow":["GET"]}}],"collection":[{"href":"https:\/\/elarfero.be\/fr\/wp-json\/wp\/v2\/pages"}],"about":[{"href":"https:\/\/elarfero.be\/fr\/wp-json\/wp\/v2\/types\/page"}],"author":[{"embeddable":true,"href":"https:\/\/elarfero.be\/fr\/wp-json\/wp\/v2\/users\/2"}],"replies":[{"embeddable":true,"href":"https:\/\/elarfero.be\/fr\/wp-json\/wp\/v2\/comments?post=8861"}],"version-history":[{"count":0,"href":"https:\/\/elarfero.be\/fr\/wp-json\/wp\/v2\/pages\/8861\/revisions"}],"wp:attachment":[{"href":"https:\/\/elarfero.be\/fr\/wp-json\/wp\/v2\/media?parent=8861"}],"curies":[{"name":"wp","href":"https:\/\/api.w.org\/{rel}","templated":true}]}}

Conditions générales

<div data-elementor-type="wp-page" data-elementor-id="8861" class="elementor elementor-8861 elementor-7878" data-elementor-post-type="page">
						<section class="elementor-section elementor-top-section elementor-element elementor-element-f56202b elementor-section-boxed elementor-section-height-default elementor-section-height-default" data-id="f56202b" data-element_type="section" data-settings="{&quot;jet_parallax_layout_list&quot;:[]}">
						<div class="elementor-container elementor-column-gap-default">
					<div class="elementor-column elementor-col-100 elementor-top-column elementor-element elementor-element-b895c95" data-id="b895c95" data-element_type="column">
			<div class="elementor-widget-wrap elementor-element-populated">
						<div class="elementor-element elementor-element-ae47b3c prue elementor-widget elementor-widget-heading" data-id="ae47b3c" data-element_type="widget" data-widget_type="heading.default">
				<div class="elementor-widget-container">
					<h1 class="elementor-heading-title elementor-size-default">Conditions générales</h1>				</div>
				</div>
					</div>
		</div>
					</div>
		</section>
				<section class="elementor-section elementor-top-section elementor-element elementor-element-ebc0cfe elementor-section-full_width elementor-hidden-mobile elementor-section-height-default elementor-section-height-default" data-id="ebc0cfe" data-element_type="section" data-settings="{&quot;jet_parallax_layout_list&quot;:[]}">
						<div class="elementor-container elementor-column-gap-default">
					<div class="elementor-column elementor-col-33 elementor-top-column elementor-element elementor-element-a8146be" data-id="a8146be" data-element_type="column">
			<div class="elementor-widget-wrap elementor-element-populated">
						<div class="elementor-element elementor-element-fa10817 elementor-widget-divider--view-line elementor-widget elementor-widget-divider" data-id="fa10817" data-element_type="widget" data-widget_type="divider.default">
				<div class="elementor-widget-container">
							<div class="elementor-divider">
			<span class="elementor-divider-separator">
						</span>
		</div>
						</div>
				</div>
					</div>
		</div>
				<div class="elementor-column elementor-col-33 elementor-top-column elementor-element elementor-element-9bb6199" data-id="9bb6199" data-element_type="column">
			<div class="elementor-widget-wrap elementor-element-populated">
						<div class="elementor-element elementor-element-1ddcb0f elementor-widget elementor-widget-image" data-id="1ddcb0f" data-element_type="widget" data-widget_type="image.default">
				<div class="elementor-widget-container">
															<img fetchpriority="high" decoding="async" width="800" height="320" src="https://elarfero.be/wp-content/uploads/2022/12/El-Arfero-New-Logo.png" class="attachment-large size-large wp-image-8307" alt="Logo El Arfero Real Estate" srcset="https://elarfero.be/wp-content/uploads/2022/12/El-Arfero-New-Logo.png 1004w, https://elarfero.be/wp-content/uploads/2022/12/El-Arfero-New-Logo-300x120.png 300w, https://elarfero.be/wp-content/uploads/2022/12/El-Arfero-New-Logo-768x308.png 768w" sizes="(max-width: 800px) 100vw, 800px" title="">															</div>
				</div>
					</div>
		</div>
				<div class="elementor-column elementor-col-33 elementor-top-column elementor-element elementor-element-fb58a8f" data-id="fb58a8f" data-element_type="column" data-settings="{&quot;background_background&quot;:&quot;classic&quot;}">
			<div class="elementor-widget-wrap elementor-element-populated">
						<div class="elementor-element elementor-element-3f543bb elementor-widget-divider--view-line elementor-widget elementor-widget-divider" data-id="3f543bb" data-element_type="widget" data-widget_type="divider.default">
				<div class="elementor-widget-container">
							<div class="elementor-divider">
			<span class="elementor-divider-separator">
						</span>
		</div>
						</div>
				</div>
					</div>
		</div>
					</div>
		</section>
				<section class="elementor-section elementor-top-section elementor-element elementor-element-40e2ed3 elementor-section-boxed elementor-section-height-default elementor-section-height-default" data-id="40e2ed3" data-element_type="section" data-settings="{&quot;jet_parallax_layout_list&quot;:[]}">
						<div class="elementor-container elementor-column-gap-default">
					<div class="elementor-column elementor-col-100 elementor-top-column elementor-element elementor-element-0667bd4" data-id="0667bd4" data-element_type="column">
			<div class="elementor-widget-wrap elementor-element-populated">
						<div class="elementor-element elementor-element-a1c4b1c elementor-widget elementor-widget-text-editor" data-id="a1c4b1c" data-element_type="widget" data-widget_type="text-editor.default">
				<div class="elementor-widget-container">
									<p><strong>Légale :</strong><br />Afin de respecter l&#8217;article 10 de la loi 34/2002 sur les services de la société de l&#8217;information et le commerce électronique, nous informons l&#8217;utilisateur de nos données :</p>
<p><strong>Dénomination</strong> : EL Arfero Alicante S.L Adresse enregistrée : Av. de las Naciones 79, Algorfa, Alicante CIF / NIF : B09954751 Téléphone : +32 479 48 81 91<br />Courriel :info@elarfero.be Détails de l&#8217;inscription : Site web : elarfero.be</p>
<p><strong>Objet</strong><br />Le fournisseur, responsable du site web, met ce document à la disposition des utilisateurs afin de respecter les obligations de la loi 34/2002 sur les services de la société de l&#8217;information et le commerce électronique (LSSI-CE) et d&#8217;informer tous les utilisateurs du site web des conditions d&#8217;utilisation du site.</p>
<p>Toute personne accédant à ce site Web assume le rôle d&#8217;utilisateur et s&#8217;engage à respecter et à se conformer strictement aux dispositions du présent document et à toutes les autres dispositions légales applicables.</p>
<p>Le prestataire se réserve le droit de modifier tout type d&#8217;information pouvant être contenue sur le site web, sans obligation de notification ou d&#8217;information préalable des utilisateurs, la publication sur le site web du prestataire étant considérée comme suffisante.</p>
<p><strong>Responsabilité civile</strong><br />Le fournisseur décline toute responsabilité quant aux informations publiées sur son site web dans la mesure où ces informations ont été manipulées ou saisies par un tiers externe.</p>
<p>Le site web du fournisseur peut utiliser des cookies (petits fichiers d&#8217;information envoyés par le serveur à l&#8217;ordinateur de la personne qui visite la page) pour exécuter certaines fonctions jugées essentielles au bon fonctionnement et à la visualisation du site. Dans tous les cas, les cookies utilisés sur le site web ont un caractère temporaire, exclusivement pour rendre leur transmission ultérieure plus efficace, et disparaissent lorsque la session de l&#8217;utilisateur prend fin. En aucun cas, les cookies ne seront utilisés pour collecter des informations personnelles.</p>
<p>Depuis le site web du client, vous pouvez être dirigé vers le contenu de sites web tiers. Étant donné que le fournisseur ne peut pas toujours contrôler les contenus introduits par des tiers sur leurs sites web, le fournisseur n&#8217;accepte aucune responsabilité pour ces contenus. Dans tous les cas, le fournisseur déclare qu&#8217;il retirera immédiatement tout contenu qui pourrait être contraire à la loi nationale ou internationale, à la moralité ou à l&#8217;ordre public, en retirant immédiatement le renvoi au site web concerné et en informant les autorités compétentes du contenu en question.</p>
<p>Le fournisseur n&#8217;est pas responsable des informations et du contenu stockés, notamment dans les forums, les chats, les générateurs de blogs, les commentaires, les réseaux sociaux ou tout autre support permettant à des tiers de publier indépendamment du contenu sur le site web du fournisseur. Toutefois, conformément aux dispositions des articles 11 et 16 de la LSSI-CE, le fournisseur se met à la disposition de tous les utilisateurs, des autorités et des services de sécurité, et coopère activement à la suppression ou au blocage de tout contenu susceptible d&#8217;affecter ou de violer le droit national ou international, les droits des tiers ou la morale et l&#8217;ordre public. Si l&#8217;utilisateur estime qu&#8217;un contenu du site Web peut être classé dans cette catégorie, il doit en informer immédiatement l&#8217;administrateur du site.</p>
<p>Ce site web a été vérifié et testé pour son bon fonctionnement. En principe, le bon fonctionnement peut être garanti 365 jours par an, 24 heures sur 24. Toutefois, le prestataire n&#8217;exclut pas l&#8217;existence de certaines erreurs de programmation ou la survenance de cas de force majeure, de catastrophes naturelles, de grèves ou de circonstances similaires qui rendent impossible l&#8217;accès au site web.</p>
<p><strong>Propriété intellectuelle et industrielle</strong><br />Le site web, y compris, mais sans s&#8217;y limiter, la programmation, l&#8217;édition, la compilation et les autres éléments nécessaires à son fonctionnement, les dessins, les logos, les textes et/ou les images sont la propriété du fournisseur ou, le cas échéant, il dispose d&#8217;une licence ou d&#8217;une autorisation expresse des auteurs. Tout le contenu du site web est dûment protégé par la réglementation sur la propriété intellectuelle et industrielle et est inscrit dans les registres publics correspondants.</p>
<p>Indépendamment de la finalité à laquelle ils sont destinés, la reproduction, l&#8217;utilisation, l&#8217;exploitation, la distribution et la commercialisation, en tout ou en partie, nécessitent dans tous les cas l&#8217;accord écrit préalable du prestataire. Toute utilisation non autorisée préalablement par le fournisseur est considérée comme une atteinte grave aux droits de propriété intellectuelle ou industrielle de l&#8217;auteur.</p>
<p>Les dessins, logos, textes et/ou images n&#8217;appartenant pas au fournisseur qui peuvent apparaître sur le site web appartiennent à leurs propriétaires respectifs et ils sont eux-mêmes responsables de toute éventuelle controverse qui pourrait survenir à leur sujet. En tout état de cause, le prestataire dispose du consentement exprès et préalable des propriétaires.</p>
<p>Le fournisseur n&#8217;autorise expressément PAS les tiers à établir un lien direct avec le contenu spécifique du site web, et doit en tout état de cause établir un lien avec le site web principal du fournisseur.</p>
<p>Le fournisseur reconnaît les droits de propriété industrielle et intellectuelle correspondants en faveur de leurs propriétaires, et leur simple mention ou apparition sur le site web n&#8217;implique pas l&#8217;existence de droits ou de responsabilités du fournisseur à leur égard, ni une approbation, un parrainage ou une recommandation de leur part.</p>
<p>Si vous souhaitez faire des commentaires sur d&#8217;éventuelles violations des droits de propriété intellectuelle ou industrielle et sur le contenu du site web, veuillez le faire à l&#8217;adresse électronique suivante.</p>
<p><strong>Droit applicable et juridiction</strong><br />La résolution de tout litige ou de toute question relative à ce site web ou aux activités qui y sont menées sera régie par la loi espagnole, à laquelle les parties se soumettent expressément, et les cours et tribunaux de Torrevieja seront compétents pour résoudre tout litige découlant de son utilisation ou lié à celle-ci.</p>
								</div>
				</div>
					</div>
		</div>
					</div>
		</section>
				</div>

<p>Conditions générales Légale :Afin de respecter l&#8217;article 10 de la loi 34/2002 sur les services de la société de l&#8217;information et le commerce électronique, nous informons l&#8217;utilisateur de nos données : Dénomination : EL Arfero Alicante S.L Adresse enregistrée : Av. de las Naciones 79, Algorfa, Alicante CIF / NIF : B09954751 Téléphone : +32 [&hellip;]</p>
