{"id":8869,"date":"2022-12-29T12:41:37","date_gmt":"2022-12-29T11:41:37","guid":{"rendered":"https:\/\/elarfero.be\/costa-calida\/"},"modified":"2023-11-16T12:01:11","modified_gmt":"2023-11-16T11:01:11","slug":"costa-calida","status":"publish","type":"page","link":"https:\/\/elarfero.be\/fr\/regions\/costa-calida\/","title":{"rendered":"Costa Calida"},"content":{"rendered":"\t\t<div data-elementor-type=\"wp-page\" data-elementor-id=\"8869\" class=\"elementor elementor-8869 elementor-1976\" data-elementor-post-type=\"page\">\n\t\t\t\t\t\t<section class=\"elementor-section elementor-top-section elementor-element elementor-element-ca1c938 elementor-section-height-min-height elementor-section-boxed elementor-section-height-default elementor-section-items-middle\" data-id=\"ca1c938\" data-element_type=\"section\" data-settings=\"{&quot;jet_parallax_layout_list&quot;:[],&quot;background_background&quot;:&quot;classic&quot;}\">\n\t\t\t\t\t\t\t<div class=\"elementor-background-overlay\"><\/div>\n\t\t\t\t\t\t\t<div class=\"elementor-container elementor-column-gap-default\">\n\t\t\t\t\t<div class=\"elementor-column elementor-col-100 elementor-top-column elementor-element elementor-element-aabb1c3\" data-id=\"aabb1c3\" data-element_type=\"column\">\n\t\t\t<div class=\"elementor-widget-wrap\">\n\t\t\t\t\t\t\t<\/div>\n\t\t<\/div>\n\t\t\t\t\t<\/div>\n\t\t<\/section>\n\t\t\t\t<section class=\"elementor-section elementor-top-section elementor-element elementor-element-979746d elementor-section-boxed elementor-section-height-default elementor-section-height-default\" data-id=\"979746d\" data-element_type=\"section\" data-settings=\"{&quot;jet_parallax_layout_list&quot;:[]}\">\n\t\t\t\t\t\t<div class=\"elementor-container elementor-column-gap-default\">\n\t\t\t\t\t<div class=\"elementor-column elementor-col-100 elementor-top-column elementor-element elementor-element-b74e6ae\" data-id=\"b74e6ae\" data-element_type=\"column\" data-settings=\"{&quot;background_background&quot;:&quot;classic&quot;}\">\n\t\t\t<div class=\"elementor-widget-wrap elementor-element-populated\">\n\t\t\t\t\t\t<div class=\"elementor-element elementor-element-dc6107f prue elementor-widget elementor-widget-heading\" data-id=\"dc6107f\" data-element_type=\"widget\" data-widget_type=\"heading.default\">\n\t\t\t\t<div class=\"elementor-widget-container\">\n\t\t\t\t\t<h2 class=\"elementor-heading-title elementor-size-default\"> D\u00e9couvrez la belle Espagne<\/h2>\t\t\t\t<\/div>\n\t\t\t\t<\/div>\n\t\t\t\t<div class=\"elementor-element elementor-element-5ddf746 prue elementor-widget elementor-widget-heading\" data-id=\"5ddf746\" data-element_type=\"widget\" data-widget_type=\"heading.default\">\n\t\t\t\t<div class=\"elementor-widget-container\">\n\t\t\t\t\t<h1 class=\"elementor-heading-title elementor-size-default\">Costa Calida<\/h1>\t\t\t\t<\/div>\n\t\t\t\t<\/div>\n\t\t\t\t<div class=\"elementor-element elementor-element-12af79b elementor-widget__width-auto elementor-widget elementor-widget-shortcode\" data-id=\"12af79b\" data-element_type=\"widget\" data-widget_type=\"shortcode.default\">\n\t\t\t\t<div class=\"elementor-widget-container\">\n\t\t\t\t\t\t\t<div class=\"elementor-shortcode\"><nav aria-label=\"breadcrumbs\" class=\"rank-math-breadcrumb\"><p><span class=\"last\">Home<\/span><\/p><\/nav><\/div>\n\t\t\t\t\t\t<\/div>\n\t\t\t\t<\/div>\n\t\t\t\t\t<\/div>\n\t\t<\/div>\n\t\t\t\t\t<\/div>\n\t\t<\/section>\n\t\t\t\t<section class=\"elementor-section elementor-top-section elementor-element elementor-element-f824f1f elementor-section-boxed elementor-section-height-default elementor-section-height-default\" data-id=\"f824f1f\" data-element_type=\"section\" data-settings=\"{&quot;jet_parallax_layout_list&quot;:[],&quot;background_background&quot;:&quot;classic&quot;}\">\n\t\t\t\t\t\t<div class=\"elementor-container elementor-column-gap-default\">\n\t\t\t\t\t<div class=\"elementor-column elementor-col-50 elementor-top-column elementor-element elementor-element-67f74d8\" data-id=\"67f74d8\" data-element_type=\"column\">\n\t\t\t<div class=\"elementor-widget-wrap elementor-element-populated\">\n\t\t\t\t\t\t<div class=\"elementor-element elementor-element-905f101 elementor-widget elementor-widget-text-editor\" data-id=\"905f101\" data-element_type=\"widget\" data-widget_type=\"text-editor.default\">\n\t\t\t\t<div class=\"elementor-widget-container\">\n\t\t\t\t\t\t\t\t\t<p><span style=\"font-weight: 400;\">La Costa C\u00e1lida s&#8217;\u00e9tend du hameau de El Moj\u00f3n, au nord, \u00e0 la fronti\u00e8re de la province d&#8217;Alicante, \u00e0 la municipalit\u00e9 d&#8217;\u00c1guilas, au sud, \u00e0 la fronti\u00e8re de la province d&#8217;Almer\u00eda. <\/span><\/p>\n<p><span style=\"font-weight: 400;\">La c\u00f4te est caract\u00e9ris\u00e9e par une succession de falaises, de baies, de plages de sable et de criques abrit\u00e9es. Il s&#8217;agit, en g\u00e9n\u00e9ral, d&#8217;un littoral aride et accident\u00e9. La richesse naturelle des eaux est remarquable \u00e0 Cabo de Palos, o\u00f9 se trouve une importante r\u00e9serve naturelle. Il existe \u00e9galement plusieurs zones naturelles prot\u00e9g\u00e9es telles que les salines et les dunes de San Pedro del Pinatar, Calblanque, Monte de las Cenizas et Pe\u00f1a del \u00c1guila, Sierra de la Muela, Cabo Ti\u00f1oso et Rold\u00e1n, le parc r\u00e9gional de Cabo Cope et Puntas de Calnegre et le paysage prot\u00e9g\u00e9 des Cuatro Calas. <\/span><\/p>\n<p><span style=\"font-weight: 400;\">L&#8217;extr\u00e9mit\u00e9 nord de cette c\u00f4te comprend la Mar Menor, une lagune d&#8217;eau sal\u00e9e qui, avec environ 170 km\u00b2, est la plus grande d&#8217;Europe. La Mar Menor est s\u00e9par\u00e9e de la M\u00e9diterran\u00e9e par une bande de sable de 22 km de long appel\u00e9e La Manga, o\u00f9 la plupart des d\u00e9veloppements touristiques de la r\u00e9gion ont \u00e9t\u00e9 construits. Cartagena et Aguilas sont les deux villes c\u00f4ti\u00e8res les plus grandes et les plus importantes de la r\u00e9gion. Quelques villes (de bord de mer) connues sur la Costa Calida sont : San Pedro del Pinatar, Los Alc\u00e1zares, Cartagena, Mazarr\u00f3n et \u00c1guilas.<\/span><\/p>\n<p><b>EL ARFERO poss\u00e8de un vaste portefeuille de propri\u00e9t\u00e9s sur la Costa Calida.<\/b><\/p>\n\t\t\t\t\t\t\t\t<\/div>\n\t\t\t\t<\/div>\n\t\t\t\t\t<\/div>\n\t\t<\/div>\n\t\t\t\t<div class=\"elementor-column elementor-col-50 elementor-top-column elementor-element elementor-element-e9450e3\" data-id=\"e9450e3\" data-element_type=\"column\">\n\t\t\t<div class=\"elementor-widget-wrap elementor-element-populated\">\n\t\t\t\t\t\t<div class=\"elementor-element elementor-element-8775edf elementor-widget elementor-widget-image\" data-id=\"8775edf\" data-element_type=\"widget\" data-widget_type=\"image.default\">\n\t\t\t\t<div class=\"elementor-widget-container\">\n\t\t\t\t\t\t\t\t\t\t\t\t\t\t\t<img fetchpriority=\"high\" decoding=\"async\" width=\"400\" height=\"600\" src=\"https:\/\/elarfero.be\/wp-content\/uploads\/2023\/01\/jamon_usa_001.png\" class=\"attachment-large size-large wp-image-8466\" alt=\"\" srcset=\"https:\/\/elarfero.be\/wp-content\/uploads\/2023\/01\/jamon_usa_001.png 400w, https:\/\/elarfero.be\/wp-content\/uploads\/2023\/01\/jamon_usa_001-200x300.png 200w\" sizes=\"(max-width: 400px) 100vw, 400px\" title=\"\">\t\t\t\t\t\t\t\t\t\t\t\t\t\t\t<\/div>\n\t\t\t\t<\/div>\n\t\t\t\t\t<\/div>\n\t\t<\/div>\n\t\t\t\t\t<\/div>\n\t\t<\/section>\n\t\t\t\t<section class=\"elementor-section elementor-top-section elementor-element elementor-element-12481a2 elementor-section-boxed elementor-section-height-default elementor-section-height-default\" data-id=\"12481a2\" data-element_type=\"section\" data-settings=\"{&quot;jet_parallax_layout_list&quot;:[],&quot;background_background&quot;:&quot;classic&quot;}\">\n\t\t\t\t\t\t<div class=\"elementor-container elementor-column-gap-default\">\n\t\t\t\t\t<div class=\"elementor-column elementor-col-100 elementor-top-column elementor-element elementor-element-5004134\" data-id=\"5004134\" data-element_type=\"column\">\n\t\t\t<div class=\"elementor-widget-wrap\">\n\t\t\t\t\t\t\t<\/div>\n\t\t<\/div>\n\t\t\t\t\t<\/div>\n\t\t<\/section>\n\t\t\t\t<\/div>\n\t\t","protected":false},"excerpt":{"rendered":"<p>D\u00e9couvrez la belle Espagne Costa Calida La Costa C\u00e1lida s&#8217;\u00e9tend du hameau de El Moj\u00f3n, au nord, \u00e0 la fronti\u00e8re de la province d&#8217;Alicante, \u00e0 la municipalit\u00e9 d&#8217;\u00c1guilas, au sud, \u00e0 la fronti\u00e8re de la province d&#8217;Almer\u00eda. La c\u00f4te est caract\u00e9ris\u00e9e par une succession de falaises, de baies, de plages de sable et de criques [&hellip;]<\/p>\n","protected":false},"author":2,"featured_media":0,"parent":8883,"menu_order":0,"comment_status":"closed","ping_status":"closed","template":"elementor_header_footer","meta":{"_acf_changed":false,"footnotes":""},"class_list":["post-8869","page","type-page","status-publish","hentry"],"acf":[],"_links":{"self":[{"href":"https:\/\/elarfero.be\/fr\/wp-json\/wp\/v2\/pages\/8869","targetHints":{"allow":["GET"]}}],"collection":[{"href":"https:\/\/elarfero.be\/fr\/wp-json\/wp\/v2\/pages"}],"about":[{"href":"https:\/\/elarfero.be\/fr\/wp-json\/wp\/v2\/types\/page"}],"author":[{"embeddable":true,"href":"https:\/\/elarfero.be\/fr\/wp-json\/wp\/v2\/users\/2"}],"replies":[{"embeddable":true,"href":"https:\/\/elarfero.be\/fr\/wp-json\/wp\/v2\/comments?post=8869"}],"version-history":[{"count":0,"href":"https:\/\/elarfero.be\/fr\/wp-json\/wp\/v2\/pages\/8869\/revisions"}],"up":[{"embeddable":true,"href":"https:\/\/elarfero.be\/fr\/wp-json\/wp\/v2\/pages\/8883"}],"wp:attachment":[{"href":"https:\/\/elarfero.be\/fr\/wp-json\/wp\/v2\/media?parent=8869"}],"curies":[{"name":"wp","href":"https:\/\/api.w.org\/{rel}","templated":true}]}}

<div data-elementor-type="wp-page" data-elementor-id="8869" class="elementor elementor-8869 elementor-1976" data-elementor-post-type="page">
						<section class="elementor-section elementor-top-section elementor-element elementor-element-ca1c938 elementor-section-height-min-height elementor-section-boxed elementor-section-height-default elementor-section-items-middle" data-id="ca1c938" data-element_type="section" data-settings="{&quot;jet_parallax_layout_list&quot;:[],&quot;background_background&quot;:&quot;classic&quot;}">
							<div class="elementor-background-overlay"></div>
							<div class="elementor-container elementor-column-gap-default">
					<div class="elementor-column elementor-col-100 elementor-top-column elementor-element elementor-element-aabb1c3" data-id="aabb1c3" data-element_type="column">
			<div class="elementor-widget-wrap">
							</div>
		</div>
					</div>
		</section>
				<section class="elementor-section elementor-top-section elementor-element elementor-element-979746d elementor-section-boxed elementor-section-height-default elementor-section-height-default" data-id="979746d" data-element_type="section" data-settings="{&quot;jet_parallax_layout_list&quot;:[]}">
						<div class="elementor-container elementor-column-gap-default">
					<div class="elementor-column elementor-col-100 elementor-top-column elementor-element elementor-element-b74e6ae" data-id="b74e6ae" data-element_type="column" data-settings="{&quot;background_background&quot;:&quot;classic&quot;}">
			<div class="elementor-widget-wrap elementor-element-populated">
						<div class="elementor-element elementor-element-dc6107f prue elementor-widget elementor-widget-heading" data-id="dc6107f" data-element_type="widget" data-widget_type="heading.default">
				<div class="elementor-widget-container">
					<h2 class="elementor-heading-title elementor-size-default"> Découvrez la belle Espagne</h2>				</div>
				</div>
				<div class="elementor-element elementor-element-5ddf746 prue elementor-widget elementor-widget-heading" data-id="5ddf746" data-element_type="widget" data-widget_type="heading.default">
				<div class="elementor-widget-container">
					<h1 class="elementor-heading-title elementor-size-default">Costa Calida</h1>				</div>
				</div>
				<div class="elementor-element elementor-element-12af79b elementor-widget__width-auto elementor-widget elementor-widget-shortcode" data-id="12af79b" data-element_type="widget" data-widget_type="shortcode.default">
				<div class="elementor-widget-container">
							<div class="elementor-shortcode"><nav aria-label="breadcrumbs" class="rank-math-breadcrumb"><p><span class="last">Home</span></p></nav></div>
						</div>
				</div>
					</div>
		</div>
					</div>
		</section>
				<section class="elementor-section elementor-top-section elementor-element elementor-element-f824f1f elementor-section-boxed elementor-section-height-default elementor-section-height-default" data-id="f824f1f" data-element_type="section" data-settings="{&quot;jet_parallax_layout_list&quot;:[],&quot;background_background&quot;:&quot;classic&quot;}">
						<div class="elementor-container elementor-column-gap-default">
					<div class="elementor-column elementor-col-50 elementor-top-column elementor-element elementor-element-67f74d8" data-id="67f74d8" data-element_type="column">
			<div class="elementor-widget-wrap elementor-element-populated">
						<div class="elementor-element elementor-element-905f101 elementor-widget elementor-widget-text-editor" data-id="905f101" data-element_type="widget" data-widget_type="text-editor.default">
				<div class="elementor-widget-container">
									<p><span style="font-weight: 400;">La Costa Cálida s&#8217;étend du hameau de El Mojón, au nord, à la frontière de la province d&#8217;Alicante, à la municipalité d&#8217;Águilas, au sud, à la frontière de la province d&#8217;Almería. </span></p>
<p><span style="font-weight: 400;">La côte est caractérisée par une succession de falaises, de baies, de plages de sable et de criques abritées. Il s&#8217;agit, en général, d&#8217;un littoral aride et accidenté. La richesse naturelle des eaux est remarquable à Cabo de Palos, où se trouve une importante réserve naturelle. Il existe également plusieurs zones naturelles protégées telles que les salines et les dunes de San Pedro del Pinatar, Calblanque, Monte de las Cenizas et Peña del Águila, Sierra de la Muela, Cabo Tiñoso et Roldán, le parc régional de Cabo Cope et Puntas de Calnegre et le paysage protégé des Cuatro Calas. </span></p>
<p><span style="font-weight: 400;">L&#8217;extrémité nord de cette côte comprend la Mar Menor, une lagune d&#8217;eau salée qui, avec environ 170 km², est la plus grande d&#8217;Europe. La Mar Menor est séparée de la Méditerranée par une bande de sable de 22 km de long appelée La Manga, où la plupart des développements touristiques de la région ont été construits. Cartagena et Aguilas sont les deux villes côtières les plus grandes et les plus importantes de la région. Quelques villes (de bord de mer) connues sur la Costa Calida sont : San Pedro del Pinatar, Los Alcázares, Cartagena, Mazarrón et Águilas.</span></p>
<p><b>EL ARFERO possède un vaste portefeuille de propriétés sur la Costa Calida.</b></p>
								</div>
				</div>
					</div>
		</div>
				<div class="elementor-column elementor-col-50 elementor-top-column elementor-element elementor-element-e9450e3" data-id="e9450e3" data-element_type="column">
			<div class="elementor-widget-wrap elementor-element-populated">
						<div class="elementor-element elementor-element-8775edf elementor-widget elementor-widget-image" data-id="8775edf" data-element_type="widget" data-widget_type="image.default">
				<div class="elementor-widget-container">
															<img fetchpriority="high" decoding="async" width="400" height="600" src="https://elarfero.be/wp-content/uploads/2023/01/jamon_usa_001.png" class="attachment-large size-large wp-image-8466" alt="" srcset="https://elarfero.be/wp-content/uploads/2023/01/jamon_usa_001.png 400w, https://elarfero.be/wp-content/uploads/2023/01/jamon_usa_001-200x300.png 200w" sizes="(max-width: 400px) 100vw, 400px" title="">															</div>
				</div>
					</div>
		</div>
					</div>
		</section>
				<section class="elementor-section elementor-top-section elementor-element elementor-element-12481a2 elementor-section-boxed elementor-section-height-default elementor-section-height-default" data-id="12481a2" data-element_type="section" data-settings="{&quot;jet_parallax_layout_list&quot;:[],&quot;background_background&quot;:&quot;classic&quot;}">
						<div class="elementor-container elementor-column-gap-default">
					<div class="elementor-column elementor-col-100 elementor-top-column elementor-element elementor-element-5004134" data-id="5004134" data-element_type="column">
			<div class="elementor-widget-wrap">
							</div>
		</div>
					</div>
		</section>
				</div>

<p>Découvrez la belle Espagne Costa Calida La Costa Cálida s&#8217;étend du hameau de El Mojón, au nord, à la frontière de la province d&#8217;Alicante, à la municipalité d&#8217;Águilas, au sud, à la frontière de la province d&#8217;Almería. La côte est caractérisée par une succession de falaises, de baies, de plages de sable et de criques [&hellip;]</p>
